 -1 + -1 + 42 + 2. Let h(l) = l**2 - 4*l + 1. Let f be h(4). Let t be f/2 - i/(-4). Calculate the highest common factor of t and 33.
11
Let r = 43 - -2. Let l be (15/30)/(1/4). Let g(w) = 5*w**2 - 2*w + 2. Let o be g(l). What is the greatest common factor of o and r?
9
Suppose 6888 = 4*k + 37*k. Calculate the greatest common divisor of 448 and k.
56
Let v = -42 + 41. Let y be (105/v)/(-10 + 9). What is the highest common divisor of y and 5?
5
Suppose -2*j + 68 = -32. Let a = 12 - 5. Suppose 0 = q - a - 3. What is the highest common factor of j and q?
10
Suppose -2*v = i + 1, -3*v + 4*i = 2 + 16. Let m be (v/(-4))/(2/4). Let d be 5 - (0 - 1)*m. Calculate the highest common divisor of d and 66.
6
Let x be (-13)/2*-2 - -2. Suppose 5 = a - 45. Suppose -6*w - a = -140. What is the greatest common divisor of w and x?
15
Let p(k) = -294*k + 2. Let s be p(-1). Suppose l - s = -4*q, 5*q - l - 370 = -6*l. Let y = q - 40. What is the highest common divisor of y and 17?
17
Suppose -810*l + 797*l + 2340 = 0. Calculate the highest common factor of l and 315.
45
Let f be (95 + 2 + 4)*(4 - 1). What is the greatest common divisor of 101 and f?
101
Let k be (-12)/(-10)*10/3. Suppose -3*j - k = -43. Suppose -j - 5 = -3*x. What is the greatest common divisor of x and 6?
6
Let f be 481/26 + 6/(-4). Let s = f - 16. Calculate the greatest common divisor of s and 9.
1
Let r(y) = y**3 + 24*y**2 - 7*y - 45. Let p be r(-23). Calculate the greatest common factor of p and 15.
15
Let d(m) = -25*m + 20. Let n be d(-2). Calculate the highest common divisor of n and 30.
10
Suppose b + 7*g - 163 = 11*g, -5*b - 3*g + 700 = 0. What is the greatest common factor of b and 13?
13
Let v(r) = 778*r**2 + 9*r - 2. Let l be v(-1). Calculate the highest common factor of 59 and l.
59
Let i(n) = n**3 + 9*n**2 + 7*n - 9. Let f be i(-8). Let q be (1 - (-1)/(-1))*f. Suppose p - 22 + q = 0. What is the greatest common factor of 33 and p?
11
Suppose 34*q - 3116 = -7*q. Calculate the greatest common divisor of q and 57.
19
Let w be ((-4)/3)/(44/(-495)). Suppose 4*p - 31 - 9 = 0. What is the greatest common factor of w and p?
5
Let g(j) = 9*j + 145. Let k be g(-13). Let c be ((-9)/18)/(1/(-8)). What is the highest common divisor of c and k?
4
Let p = 673 + -634. What is the highest common factor of p and 65?
13
Let v = -227 + 363. What is the highest common divisor of 102 and v?
34
Let o(m) = m**2 - 18*m - 13. Let z be o(19). Let p(v) = v**3 - 4*v**2 - 10*v - 3. Let k be p(z). Calculate the greatest common divisor of k and 3.
3
Suppose -80*t - 2480 = -90*t. Calculate the highest common divisor of 341 and t.
31
Let h = -705 - -724. Calculate the highest common divisor of 703 and h.
19
Suppose 0 = -367*g + 357*g + 780. What is the highest common divisor of 18 and g?
6
Let u = -360 + 386. What is the highest common factor of u and 104?
26
Let n(m) = -2*m**3 + m**3 + m + 46 + 44. Let l be n(0). Suppose 0 = 4*t - l + 10. Calculate the greatest common divisor of t and 5.
5
Let a(i) = -125*i + 398. Let v be a(3). Calculate the greatest common factor of 1541 and v.
23
Let a = 132 - 113. Calculate the highest common divisor of a and 38.
19
Suppose -18 = -5*c + 4*g, -3*c + c + 3*g + 3 = 0. Calculate the highest common divisor of c and 102.
6
Let h be -6 + 9/((-90)/(-18860)). What is the greatest common factor of 47 and h?
47
Let z(d) = -d**3 - 7*d**2 - 5*d + 10. Let k be z(-6). Suppose -2*j = 2*f - 74, -71 = 4*f - 6*f + j. What is the greatest common factor of f and k?
4
Suppose -5*d + 0*d - 3 = -t, -5*t + 15 = -3*d. Let r be (-2)/18*t*-66. Calculate the highest common factor of r and 110.
22
Let s(u) = u**3 - 4*u**2 - 3*u - 1. Let q be s(6). Let b = q - 44. Calculate the greatest common factor of b and 72.
9
Suppose -4*o + 3*m = -207, -25 + 88 = o - 3*m. Calculate the highest common factor of o and 1032.
24
Let v be (-3 - (-4 + 6))*14/(-5). What is the highest common factor of v and 154?
14
Let a = 3 - 7. Let r = 9 + a. Suppose -27 = -t + d - 3*d, -53 = -2*t - 3*d. Calculate the highest common factor of t and r.
5
Suppose -42*c + 59666 = -29248. Calculate the greatest common factor of c and 29.
29
Suppose -1829 = -7*w - 499. What is the greatest common divisor of w and 38?
38
Let d(m) = 8*m - 20. Suppose 0 = -5*r - 38 - 27. Let c be d(r). Let z be 1 - 2/(8/c). What is the highest common divisor of 96 and z?
32
Let r = -602 + 628. What is the greatest common divisor of 325 and r?
13
Let m be (-2)/(-6) + (-2)/6. Let p = 5 + m. Suppose p*n + 3 + 23 = w, w + n = 2. Calculate the highest common divisor of w and 24.
6
Let z be 1/(0 - 2/(-66)). Let o(q) = -q**3 + 19*q**2 - q + 22. Let d be o(19). What is the greatest common factor of d and z?
3
Suppose g + 2*f = -124, -3*f = -2*g - g - 408. Let z = 222 + g. What is the greatest common factor of 10 and z?
10
Let t(g) = -13*g**3 + 2*g + 3. Let x be t(-1). Let p(f) = -f**2 + 9*f - 4. Let y be p(6). What is the highest common factor of y and x?
14
Let f(l) = 21*l + 12. Suppose 0 = 4*m + m - 25. Let q be f(m). Suppose 3*b - 3 - 21 = 5*c, -3*b = -c - 36. Calculate the highest common factor of q and b.
13
Let v = 48 - 42. Let j be (412/(-30))/(-2) + v/45. Calculate the highest common factor of j and 49.
7
Let x = 522 - 266. What is the highest common divisor of x and 16?
16
Let v(a) = -8*a**2 + 2*a + 1. Let t be v(-3). Let f = t - -54. Let q = f - -57. What is the highest common divisor of q and 17?
17
Let c(y) = -35*y + 7. Let f be c(-3). Suppose 0 = 6*h - 3*h - 42. Calculate the greatest common divisor of f and h.
14
Let k(u) = u**3 - 16*u**2 + 13*u + 51. Let z be k(15). Calculate the greatest common factor of z and 273.
21
Let q(g) = g**3 - 5*g**2 + 2*g + 12. Let x be ((-60)/(-3))/5 + 1. Let a be q(x). Calculate the highest common factor of 154 and a.
22
Let k(d) = d**2 + 13*d - 11. Let j be k(-14). Suppose -j*f = -1 - 5. Let o be 3/f*(-60)/(-5). What is the highest common factor of 198 and o?
18
Suppose 5*j = -3*r + 545, -11*r + 15*r + j - 755 = 0. Calculate the greatest common divisor of r and 855.
95
Let h(m) be the first derivative of m**3/3 + 7*m**2 + 18*m + 4. Let n be h(-13). Suppose -n*z - 36 = -6*z. Calculate the highest common factor of z and 12.
12
Suppose 10 = -3*l - 35. Let g be (50/(-6))/((-5)/l). Let o = g - -28. What is the greatest common factor of o and 6?
3
Let g(c) = -11*c - 58. Let q(j) = 16*j + 86. Let l(n) = 7*g(n) + 5*q(n). Let r be l(0). Calculate the greatest common divisor of r and 64.
8
Suppose 0 = -2*t - r + 115, 0 = -2*r + r - 5. Let m be 0 - 4/((-32)/(-18))*-4. Suppose -36 = m*k - 12*k. What is the greatest common divisor of k and t?
12
Let c be (-51)/(-6) - 2/4. Let g = c + 10. Suppose 0 = 3*r + 3*i - g, -4*r - 3*i = 2*i - 24. What is the greatest common factor of 42 and r?
6
Suppose 8*h = 33*h - 1500. What is the greatest common divisor of 96 and h?
12
Suppose 18 - 3 = a. Let l be (-2)/(-11) - 4264/(-143). Calculate the greatest common divisor of a and l.
15
Let t(h) = h**3 + 11*h**2 + 24*h + 14. Let n be t(-8). Let s(x) = x**3 - x**2 + 7*x - 6. Let f be s(4). What is the highest common divisor of n and f?
14
Let j be (5 + 3)/(4/(-8)). Let q be j/(-80) - 238/(-10). What is the greatest common divisor of 60 and q?
12
Let o be 2 + 115 + 13/13. What is the highest common factor of o and 59?
59
Let v = 231 + -133. Suppose a - 12 = -3*i + 5*a, -a = 0. Suppose -p = -2*q + 23, i*p = 5*q - 26 - 24. Calculate the greatest common factor of v and q.
14
Let c be 3/(-2 + (-28)/(-8)). Let v = c + 3. Suppose v*d - 2*i - 62 = 0, -3*d = d - 5*i - 53. What is the greatest common factor of d and 60?
12
Suppose -5*i + 210 = -4*z, 2*z + 3*z = 5*i - 210. Suppose g - 42 = -2*g. Calculate the greatest common divisor of g and i.
14
Let j be ((-1)/(4/16))/(2/(-92)). What is the greatest common factor of j and 46?
46
Let s(n) = -29*n**3 + n**2 - n - 1. Let h be s(-1). Let x(u) = -u**3 + 6*u**2 + 18*u - 10. Let a be x(8). Calculate the greatest common divisor of a and h.
6
Suppose 2*c - 11 = a - 24, -5*a + 75 = -5*c. Suppose -1001 = -5*u - 66. What is the greatest common factor of a and u?
17
Let d(q) = q**2 - 2*q + 39. Suppose -o - o = 2*y + 6, y + 8 = 4*o. Let k be 0 - (-2)/2 - o. Let w be d(k). Calculate the highest common factor of w and 13.
13
Suppose